{"id":5452,"date":"2020-04-28T20:50:42","date_gmt":"2020-04-28T20:50:42","guid":{"rendered":"https:\/\/projecttransformation.org\/north-texas\/?page_id=5452"},"modified":"2020-04-28T20:50:42","modified_gmt":"2020-04-28T20:50:42","slug":"family-resources","status":"publish","type":"page","link":"https:\/\/projecttransformation.org\/north-texas\/our-programs\/family-resources","title":{"rendered":"Family Resources"},"content":{"rendered":"<p><b>NORTH TEXAS COVID-19 RESOURCES<\/b><\/p>\n<p><b>COVID-19 recursos para el norte de Texas<\/b><\/p>\n<p>&nbsp;<\/p>\n<p><b>Use this link to find free or reduced cost services such as food, healthcare, job opportunities and legal assistance near you<\/b><\/p>\n<p><b>(this site can be viewed in multiple languages) :<\/b><b><br \/>\n<\/b><a href=\"https:\/\/communityresources.dallascityhall.com\/\"><b>https:\/\/communityresources.dallascityhall.com\/<\/b><\/a><\/p>\n<p>&nbsp;<\/p>\n<p><b>Use este enlace para encontrar servicios gratuitos o de costo reducido, como alimentos, atenci\u00f3n m\u00e9dica, oportunidades laborales y asistencia legal cerca de usted<\/b><\/p>\n<p><b>(este sitio se puede ver en varios idiomas):<\/b><\/p>\n<p><a href=\"https:\/\/communityresources.dallascityhall.com\/\"><b>https:\/\/communityresources.dallascityhall.com\/<\/b><\/a><\/p>\n<p>&nbsp;<\/p>\n<p><b>Food \/ <\/b><b>Comida<\/b><\/p>\n<ul>\n<li style=\"font-weight: 400\"><span style=\"font-weight: 400\">DISD is providing free breakfast, lunch and dinner for anyone 18 years or younger. \/ <\/span><span style=\"font-weight: 400\">el DISD <\/span><span style=\"font-weight: 400\">ofrecer a los estudiantes del distrito servicio de comida de desayuno, almuerzo y cena gratis sin costo<\/span> <span style=\"font-weight: 400\">para todos los ni\u00f1os hasta la edad de 18 a\u00f1os<\/span>\n<ul>\n<li style=\"font-weight: 400\"><a href=\"https:\/\/www.dallasisd.org\/Page\/62476\"><span style=\"font-weight: 400\">https:\/\/www.dallasisd.org\/Page\/62476<\/span><\/a><span style=\"font-weight: 400\">\u00a0<\/span><\/li>\n<li style=\"font-weight: 400\"><span style=\"font-weight: 400\">Espa\u00f1ol <\/span><a href=\"https:\/\/www.dallasisd.org\/Page\/62536\"><span style=\"font-weight: 400\">https:\/\/www.dallasisd.org\/Page\/62536<\/span><\/a><\/li>\n<\/ul>\n<\/li>\n<li style=\"font-weight: 400\"><span style=\"font-weight: 400\">Use this link to find a meal site near you while schools are closed. \/<\/span><span style=\"font-weight: 400\"> Use este enlace para encontrar un sitio de comidas cerca de usted mientras las escuelas est\u00e1n cerradas<\/span>\n<ul>\n<li style=\"font-weight: 400\"><a href=\"https:\/\/schoolmealfinder.hoonuit.com\/?filter_state=tx\"><span style=\"font-weight: 400\">https:\/\/schoolmealfinder.hoonuit.com\/?filter_state=tx<\/span><\/a><\/li>\n<li style=\"font-weight: 400\"><span style=\"font-weight: 400\">Espa\u00f1ol <\/span><a href=\"https:\/\/schoolmealfinder.hoonuit.com\/?filter_state=tx&amp;lang=es\"><span style=\"font-weight: 400\">https:\/\/schoolmealfinder.hoonuit.com\/?filter_state=tx&amp;lang=es<\/span><\/a><\/li>\n<\/ul>\n<\/li>\n<li style=\"font-weight: 400\"><span style=\"font-weight: 400\">Find a North Texas Food Bank food pantry partner near you using this map: \/<\/span><span style=\"font-weight: 400\">Encuentre un socio de despensa de alimentos del North Texas Food Bank cerca de usted usando este mapa (traducci\u00f3n al espa\u00f1ol est\u00e1 disponible dentro del sitio):<\/span>\n<ul>\n<li style=\"font-weight: 400\"><a href=\"https:\/\/ntfb.org\/our-programs\/get-food-assistance\/find-a-food-pantry\/\"><span style=\"font-weight: 400\">https:\/\/ntfb.org\/our-programs\/get-food-assistance\/find-a-food-pantry\/<\/span><\/a><\/li>\n<\/ul>\n<\/li>\n<li style=\"font-weight: 400\"><span style=\"font-weight: 400\">Citysquare is providing free pre-packaged groceries. Find out more information here: \/ <\/span><span style=\"font-weight: 400\">Citysquare est\u00e1 proporcionando comestibles preenvasados gratuitos.<\/span>\n<ul>\n<li style=\"font-weight: 400\"><a href=\"https:\/\/www.citysquare.org\/food\"><span style=\"font-weight: 400\">https:\/\/www.citysquare.org\/food<\/span><\/a><\/li>\n<\/ul>\n<\/li>\n<li style=\"font-weight: 400\"><span style=\"font-weight: 400\">Free Drive Thru Food Pantry, hosted by Empowering the Masses every Saturday from 10AM-12PM, 3314 Detonte St. Dallas 75223\/ <\/span><span style=\"font-weight: 400\">Gratis!: drive thru despensa de comida organizado por Empowering the Masses todos los s\u00e1bados desde las 10 AM hasta que las 12 PM, 3314 Detonte St. Dallas 75223<\/span>\n<ul>\n<li style=\"font-weight: 400\"><a href=\"https:\/\/www.instagram.com\/p\/B-doFG4HGCk\/\"><span style=\"font-weight: 400\">https:\/\/www.instagram.com\/p\/B-doFG4HGCk\/<\/span><\/a><\/li>\n<\/ul>\n<\/li>\n<li style=\"font-weight: 400\"><span style=\"font-weight: 400\">Salvation Army Food Pantry has opened 13 free drive-thru grocery locations. Use the link below to find the location closest to you. \/<\/span><span style=\"font-weight: 400\"> la Salvation Army despensa de comida tiene 13 drive-thru ubicaciones para comestibles, sin costo. Usa el enlace abajo a buscar la ubicaci\u00f3n m\u00e1s cerca a ud.:<\/span>\n<ul>\n<li style=\"font-weight: 400\"><a href=\"https:\/\/www.nbcdfw.com\/news\/coronavirus\/salvation-army-helping-feed-families-during-coronavirus\/2344375\/\"><span style=\"font-weight: 400\">https:\/\/www.nbcdfw.com\/news\/coronavirus\/salvation-army-helping-feed-families-during-coronavirus\/2344375\/<\/span><\/a><\/li>\n<li style=\"font-weight: 400\"><span style=\"font-weight: 400\">Espanol <\/span><a href=\"https:\/\/www.univision.com\/local\/dallas-kuvn\/el-salvation-army-ofrece-productos-basicos-en-13-localidades-del-metroplex\"><span style=\"font-weight: 400\">https:\/\/www.univision.com\/local\/dallas-kuvn\/el-salvation-army-ofrece-productos-basicos-en-13-localidades-del-metroplex<\/span><\/a><\/li>\n<\/ul>\n<\/li>\n<\/ul>\n<p>&nbsp;<\/p>\n<p><b>Jobs \/ <\/b><b>Empleo<\/b><\/p>\n<ul>\n<li style=\"font-weight: 400\"><span style=\"font-weight: 400\">Say Yes to Dallas has created a webpage with job listings for displaced workers. \/<\/span><span style=\"font-weight: 400\"> Say Yes to Dallas ha creado una lista de empleos en la p\u00e1gina de destino para los trabajadores desplazados.<\/span>\n<ul>\n<li style=\"font-weight: 400\"><a href=\"https:\/\/sayyestodallas.com\/jobs\/displaced-workers\/\"><span style=\"font-weight: 400\">https:\/\/sayyestodallas.com\/jobs\/displaced-workers\/<\/span><\/a><\/li>\n<\/ul>\n<\/li>\n<li style=\"font-weight: 400\"><span style=\"font-weight: 400\">If you have been let go or furloughed because of Covid19. You can file for Texas Unemployment Benefits using this link.\u00a0 \/ <\/span><span style=\"font-weight: 400\">Si te han dejado ir o te han suspendido debido a Covid19. Puede presentar en este enlace los Beneficios de desempleo de Texas.<\/span>\n<ul>\n<li style=\"font-weight: 400\"><a href=\"https:\/\/www.twc.texas.gov\/jobseekers\/unemployment-benefits-services\"><span style=\"font-weight: 400\">https:\/\/www.twc.texas.gov\/jobseekers\/unemployment-benefits-services<\/span><\/a><\/li>\n<li style=\"font-weight: 400\"><span style=\"font-weight: 400\">Espanol <\/span><a href=\"https:\/\/www.twc.texas.gov\/informacion-en-espanol#beneficiosDeDesempleo\"><span style=\"font-weight: 400\">https:\/\/www.twc.texas.gov\/informacion-en-espanol#beneficiosDeDesempleo<\/span><\/a><\/li>\n<\/ul>\n<\/li>\n<\/ul>\n<p>&nbsp;<\/p>\n<p><b>Childcare \/ <\/b><b>Cuidado de ni\u00f1os\u00a0<\/b><\/p>\n<ul>\n<li><b><span style=\"font-weight: 400\">YMCA Dallas is providing free childcare for first responders, medical professionals, government officials, healthcare\/hospital, grocery, logistics industry, and other essential workers. Financial Assistance is available \/<\/span><span style=\"font-weight: 400\"> YMCA Dallas est\u00e1 brindando cuidado infantil gratuito para los socorristas, profesionales m\u00e9dicos, funcionarios gubernamentales, atenci\u00f3n m\u00e9dica \/ hospital, supermercados, industria log\u00edstica y otros trabajadores esenciales. Edad La asistencia financiera est\u00e1 disponible (Traducci\u00f3n del sitio esta disponible por arriba de la pagina, puede elegir la idioma)<\/span><span style=\"font-weight: 400\">.\u00a0<\/span><\/b><\/li>\n<li style=\"list-style-type: none\">\n<ul>\n<li style=\"font-weight: 400\"><a href=\"https:\/\/www.ymcadallas.org\/locations\/school_age_services\/emergency-ymca-childcare\"><span style=\"font-weight: 400\">https:\/\/www.ymcadallas.org\/locations\/school_age_services\/emergency-ymca-childcare<\/span><\/a><\/li>\n<\/ul>\n<\/li>\n<\/ul>\n<p>&nbsp;<\/p>\n<p><b>Wifi\u00a0<\/b><\/p>\n<ul>\n<li style=\"font-weight: 400\"><span style=\"font-weight: 400\">Charter will offer free Spectrum broadband and Wi-Fi access for 60 days to households with K-12 and\/or college students who do not already have a Spectrum broadband subscription and at any service level up to 100 Mbps. To enroll call 1-844-488-8395. Installation fees will be waived for new student households.<\/span>\n<ul>\n<li style=\"font-weight: 400\"><span style=\"font-weight: 400\">Espa<\/span><span style=\"font-weight: 400\">\u00f1<\/span><span style=\"font-weight: 400\">ol: Charter ofrecer\u00e1 acceso gratuito de banda ancha y Wi-Fi de Spectrum durante 60 d\u00edas a hogares con estudiantes de K-12 y \/ o estudiantes universitarios que a\u00fan no tienen una suscripci\u00f3n de banda ancha de Spectrum y en cualquier nivel de servicio de hasta 100 Mbps. Para inscribirse llame al 1-844-488-8395. Las tarifas de instalaci\u00f3n no se aplicar\u00e1n a los nuevos hogares de estudiantes.<\/span><\/li>\n<\/ul>\n<\/li>\n<\/ul>\n<p>&nbsp;<\/p>\n<p><b>Rent Assistance \/ <\/b><b>Asistencia de renta<\/b><\/p>\n<ul>\n<li><span style=\"font-weight: 400\">Under 1 Roof Dallas is providing virtual social services walk-ins on Friday April 3rd and Saturday April 4th to help people with rent and utility assistance. Use the link below to see how to qualify for assistance. \/ <\/span><span style=\"font-weight: 400\">Under 1 Roof Dallas proporcionar\u00e1 servicios sociales virtuales sin cita el viernes 3 de abril y el s\u00e1bado 4 de abril para ayudar a las personas con el alquiler y la asistencia de servicios p\u00fablicos. Use el siguiente enlace para ver lo que necesita para calificar para recibir asistencia. (Favor de llamar al 214-343-4000 sobre traducci\u00f3n a espa\u00f1ol )<\/span><b><\/b><\/li>\n<li style=\"list-style-type: none\">\n<ul>\n<li style=\"font-weight: 400\"><b><a href=\"http:\/\/under1roofdallas.org\/intake\/\">http:\/\/under1roofdallas.org\/intake\/<\/a><\/b><\/li>\n<\/ul>\n<\/li>\n<\/ul>\n<p>&nbsp;<\/p>\n<p><b>Utility Bills Assistance \/ <\/b><b>asistencia con servicios publicos<\/b><\/p>\n<ul>\n<li style=\"font-weight: 400\"><span style=\"font-weight: 400\">Most utility providers are suspending all disconnections and many are waiving late fees. Learn more about how your provider is responding to Covid19 here. \/ <\/span><span style=\"font-weight: 400\">La mayor\u00eda de los proveedores de servicios p\u00fablicos suspenden todas las desconexiones y muchos renuncian a los cargos por pagos atrasados. Obtenga m\u00e1s informaci\u00f3n sobre c\u00f3mo responde su proveedor a Covid19 aqu\u00ed (para espa\u00f1ol, la traducci\u00f3n est\u00e1 disponible en el centro superior de la p\u00e1gina web)<\/span>\n<ul>\n<li style=\"font-weight: 400\"><a href=\"https:\/\/dallascityhall.com\/Pages\/Coronavirus-Resources.aspx\"><span style=\"font-weight: 400\">https:\/\/dallascityhall.com\/Pages\/Coronavirus-Resources.aspx<\/span><\/a><\/li>\n<\/ul>\n<\/li>\n<\/ul>\n<p>&nbsp;<\/p>\n<p><b>Covid-19 Testing \/<\/b><\/p>\n<ul>\n<li style=\"font-weight: 400\"><span style=\"font-weight: 400\">If you are experiencing symptoms such as shortness of breath, cough and a temperature of 99.6 or higher you can get test Monday-Friday 8AM-8PM at one of the following drive thru testing sites free of charge.\/<\/span><span style=\"font-weight: 400\">Si tiene s\u00edntomas como dificultad para respirar, tos y temperatura de 99.6 o m\u00e1s, puede hacerse la prueba de lunes a viernes de 8 a.m. a 8 p.m. en uno de los siguientes sitios de prueba de manejo sin cargo:<\/span>\n<ul>\n<li style=\"font-weight: 400\"><span style=\"font-weight: 400\">Parking Lot E at the\u00a0 American Airlines Center, <\/span><a href=\"https:\/\/www.google.com\/maps\/place\/2500+Victory+Ave,+Dallas,+TX+75219\/@32.7903188,-96.8123367,17z\/data=!3m1!4b1!4m5!3m4!1s0x864e9939b0004d29:0xa81d6bf5d396f5bd!8m2!3d32.7903143!4d-96.810148\"><span style=\"font-weight: 400\">2500 Victory Avenue<\/span><\/a><span style=\"font-weight: 400\">, Dallas. \/ <\/span><span style=\"font-weight: 400\">Parking Lot E al American Airlines Center, direcci\u00f3n <\/span><a href=\"https:\/\/www.google.com\/maps\/place\/2500+Victory+Ave,+Dallas,+TX+75219\/@32.7903188,-96.8123367,17z\/data=!3m1!4b1!4m5!3m4!1s0x864e9939b0004d29:0xa81d6bf5d396f5bd!8m2!3d32.7903143!4d-96.810148\"><span style=\"font-weight: 400\">2500 Victory Avenue<\/span><\/a><span style=\"font-weight: 400\">, Dallas.<\/span><\/li>\n<li style=\"font-weight: 400\"><span style=\"font-weight: 400\">The Ellis Davis Field House, <\/span><a href=\"https:\/\/www.google.com\/maps\/place\/9191+S+Polk+St,+Dallas,+TX+75232\/@32.6373592,-96.8444331,17z\/data=!3m1!4b1!4m5!3m4!1s0x864e914ec9586f63:0x4a1632978f5492f0!8m2!3d32.6373547!4d-96.8422444\"><span style=\"font-weight: 400\">9191 South Polk Street<\/span><\/a><span style=\"font-weight: 400\">, Dallas.\/ <\/span><span style=\"font-weight: 400\">el Ellis Davis Field House, direcci\u00f3n <\/span><a href=\"https:\/\/www.google.com\/maps\/place\/9191+S+Polk+St,+Dallas,+TX+75232\/@32.6373592,-96.8444331,17z\/data=!3m1!4b1!4m5!3m4!1s0x864e914ec9586f63:0x4a1632978f5492f0!8m2!3d32.6373547!4d-96.8422444\"><span style=\"font-weight: 400\">9191 South Polk Street<\/span><\/a><span style=\"font-weight: 400\">, Dallas.<\/span><\/li>\n<\/ul>\n<\/li>\n<\/ul>\n<p>&nbsp;<\/p>\n<p><b>Domestic Violence Hotline: 800-799-7233 or text LOVEIS to 22522 \/ <\/b><b>Abuso domestico:\u00a0 llama al 800-799-7233 o manda un texto LOVEIS al 22522<\/b><\/p>\n<p>&nbsp;<\/p>\n<p><b>Crisis Text Line: any crisis, any time text HOME to 741741 to get connected with a counselor \/ <\/b><b>L\u00ednea de texto de crisis: cualquier crisis, en cualquier momento env\u00ede un mensaje de texto INICIO al 741741 para conectarse con un consejero<\/b><\/p>\n<p>&nbsp;<\/p>\n<p><b>**<\/b><b>Suicide Prevention Hotline: 800-273-8255 \/<\/b> <b>**<\/b><b>Espa\u00f1ol: Nacional de Prevenci\u00f3n del Suicidio 1-888-628-9454 \u00a0 <\/b><b>The # to call for suicide prevention is different in Spanish!**<\/b><\/p>\n<p>&nbsp;<\/p>\n","protected":false},"excerpt":{"rendered":"<p>NORTH TEXAS COVID-19 RESOURCES COVID-19 recursos para el norte de Texas &nbsp; Use this link to find free or reduced cost services such as food, healthcare, job opportunities and legal assistance near you (this site can be viewed in multiple languages) : https:\/\/communityresources.dallascityhall.com\/ &nbsp; Use este enlace para encontrar servicios gratuitos o de costo reducido, [&hellip;]<\/p>\n","protected":false},"author":5,"featured_media":5454,"parent":155,"menu_order":0,"comment_status":"closed","ping_status":"closed","template":"","meta":{"footnotes":""},"acf":[],"_links":{"self":[{"href":"https:\/\/projecttransformation.org\/north-texas\/wp-json\/wp\/v2\/pages\/5452"}],"collection":[{"href":"https:\/\/projecttransformation.org\/north-texas\/wp-json\/wp\/v2\/pages"}],"about":[{"href":"https:\/\/projecttransformation.org\/north-texas\/wp-json\/wp\/v2\/types\/page"}],"author":[{"embeddable":true,"href":"https:\/\/projecttransformation.org\/north-texas\/wp-json\/wp\/v2\/users\/5"}],"replies":[{"embeddable":true,"href":"https:\/\/projecttransformation.org\/north-texas\/wp-json\/wp\/v2\/comments?post=5452"}],"version-history":[{"count":4,"href":"https:\/\/projecttransformation.org\/north-texas\/wp-json\/wp\/v2\/pages\/5452\/revisions"}],"predecessor-version":[{"id":5463,"href":"https:\/\/projecttransformation.org\/north-texas\/wp-json\/wp\/v2\/pages\/5452\/revisions\/5463"}],"up":[{"embeddable":true,"href":"https:\/\/projecttransformation.org\/north-texas\/wp-json\/wp\/v2\/pages\/155"}],"wp:featuredmedia":[{"embeddable":true,"href":"https:\/\/projecttransformation.org\/north-texas\/wp-json\/wp\/v2\/media\/5454"}],"wp:attachment":[{"href":"https:\/\/projecttransformation.org\/north-texas\/wp-json\/wp\/v2\/media?parent=5452"}],"curies":[{"name":"wp","href":"https:\/\/api.w.org\/{rel}","templated":true}]}}